s the units digit of h(90)?
1
Let z be 50/30 + -4*(-4)/48. Let k be (-2)/(-7) - (-115)/(-35). What is the units digit of ((-85)/z)/(k/6)?
5
What is the hundreds digit of -143*(6 - 1/((-1)/(-43)))?
2
Let v(f) = 76*f + 103*f - 62*f - 128 + 10. What is the tens digit of v(7)?
0
What is the units digit of 51 + -62 + 55064/2?
1
Suppose -16*y = -19*y + 795. Let j = y - 148. Suppose -6*u + j = -3*u. What is the tens digit of u?
3
Let z(c) = 39*c - 44. Let n(t) = t - 1. Let h be n(7). Let k be z(h). Let m = k + -84. What is the tens digit of m?
0
Suppose a + 3*c = 1834 + 4656, 5*a + c = 32478. What is the units digit of a?
6
Let f(i) = -7*i - 41. Let k be f(-6). Suppose -4*g - 7*o = -3*o - 452, 0 = -o + k. Let p = g - -96. What is the hundreds digit of p?
2
Let a(u) = 21*u + 166*u**2 - 13*u**3 - 162*u**2 + 2 - 5*u**3 + 1 - 9*u**3. What is the tens digit of a(-3)?
0
Suppose -2*p = -x + 4*x - 4957, -4*p = 4*x - 6608. Let g = -1151 + x. What is the tens digit of g?
0
Let f(k) = 2859*k - 580. What is the units digit of f(2)?
8
Let t be 8*1*((-14520)/48)/(-11) + -7. Let f(u) = u**3 - 4*u**2 - 6*u + 5. Let r be f(5). Suppose 3*p = -r*p + t. What is the tens digit of p?
7
Let s(g) = -5*g + 46. Let v be s(7). Suppose -948 = -v*i - 354. What is the units digit of i?
4
Let f = -32 - -35. Let k(u) = -5*u - u - 3 - 5*u - f*u. What is the hundreds digit of k(-8)?
1
What is the tens digit of 3042/3 - ((-5)/(-25) + (-98)/(-35))?
1
Suppose 74273 = 19*q - 37922. What is the tens digit of q?
0
Let o be 9 - (-4 + 2 - -8). Let h(y) = y**3 + 5*y**2 - y - 5. Let q be h(-5). Suppose q = -4*m - o*m + 399. What is the units digit of m?
7
Let h = -41 + 293. Let q = h + -131. What is the hundreds digit of q?
1
Suppose 2*u + 160 = 10*u. Suppose 0 = 5*b - u*b + 2715. What is the units digit of b?
1
Let m(k) = -3*k**3 - k**2 - 4. Let q be m(-2). Let w(a) = -11*a + 33. Let x be w(q). Let g = x + 259. What is the units digit of g?
6
Let y(p) = -3*p + 8. Let d be y(6). Let f(t) = -7*t + 1431 - 2*t - 7*t - 1394. What is the tens digit of f(d)?
9
Let y = -2588 + 1506. Let v = -476 - y. What is the units digit of v?
6
Suppose -4*k - 28 = -4*r + 2*r, -3*k - 27 = -3*r. Let b(i) = -r*i + 3*i + 8*i - 15. What is the units digit of b(18)?
1
Let f be (-61)/((14/(-420))/((-4)/(-10))). Let u = f - 402. What is the tens digit of u?
3
Suppose -3006 = 5*l + 2144. What is the units digit of l/(-6) - 108/(-81)?
3
Let k = 174 + -170. Suppose 4*u - 1397 = -u + k*l, -851 = -3*u - 4*l. What is the hundreds digit of u?
2
Let l(s) = -s**3 + s**2 + 10*s. Let b be l(4). Let x(n) = -n**3 + 15*n + 21. What is the units digit of x(b)?
3
Suppose 8*x + 1170 - 144586 = 0. What is the units digit of x?
7
Let d(s) = s**3 - 5*s**2 - 7*s + 8. Let x be d(6). What is the tens digit of (x - -1)/((120/(-4256))/(-5))?
3
Let n = -741 - -553. Let z = n - -851. What is the hundreds digit of z?
6
Let c(d) = 129*d + 553. What is the thousands digit of c(72)?
9
Let f(w) = 15*w**3 - 9*w**2 + 7*w + 2. Let x be f(3). Suppose -2*u + o - x = -4*u, -3*o = -2*u + 335. What is the tens digit of u?
7
Suppose 0 = -4*v + 2*s + 110352, -5*v + 7*s + 103591 = -34340. What is the ten thousands digit of v?
2
What is the units digit of (-22 + 11 + 11284)/1?
3
Let h(j) = 1482*j**3 - j**2 + 4*j + 3. Let u be h(-1). Let l = -916 - u. What is the units digit of l?
8
Suppose 0 = 3*q - i - 14, 5*q + 3*i = 11 + 17. What is the hundreds digit of -11 + 490 + -1 + q?
4
What is the hundreds digit of 8/(0 - -2)*9595/76 + -6?
4
Let z(w) = 606*w**3 - 12*w**2 + 61*w - 78. What is the units digit of z(2)?
4
Let k = -51 + 51. Suppose -7*j - 12*j + 5225 = k. What is the units digit of j?
5
Suppose -18 = -7*h - 2*h. Let z(f) = -97*f**3 + 44*f**3 - 66*f**3 + 1 + h*f**2 + 2*f. What is the tens digit of z(-1)?
2
Suppose -103*f - 5*f + 1833300 = 0. What is the hundreds digit of f?
9
Suppose 15*r + 1251 + 2799 = 0. Let l = -225 - r. What is the units digit of l?
5
Suppose -4*f = z - 6007, z - 4*f - 7457 + 1450 = 0. What is the thousands digit of z?
6
Suppose 2*l - 30 = -8. Suppose 5*p - l = -1. Suppose -n - 5*y = -144, p*y = 7*y - 20. What is the tens digit of n?
2
Suppose r = -0*q + 4*q + 39, q - 258 = -5*r. Let g(l) = 5*l - 53. Let n be g(3). Let f = r + n. What is the units digit of f?
3
Let x be ((-4)/7)/(13/(91/(-2))). Suppose l - w = x*w + 457, 0 = -2*l + 2*w + 930. What is the units digit of l?
9
Suppose 30293 - 119776 - 237655 = -21*d. What is the tens digit of d?
7
Let a(h) = -h**3 - 3*h**2 - 12*h + 9. Let c be a(-6). Let i = 335 - c. Let d = i + -60. What is the units digit of d?
6
Let s = -427 - -430. Suppose 2*k - 908 - 656 = 5*n, k + s*n = 793. What is the tens digit of k?
8
Let q = 342 + -113. Let p = q + -76. What is the units digit of p?
3
Let n = -5473 - -9795. What is the tens digit of n?
2
Let v = -20 + 25. Let g = 226 - 154. Suppose 390 = 2*o + 4*a - g, 2*o - v*a - 480 = 0. What is the tens digit of o?
3
Let r = -16489 + 25965. What is the tens digit of r?
7
Let x = 575 + -575. Suppose -14*u + 9274 + 190 = x. What is the hundreds digit of u?
6
Suppose -5*p = 4*o - 28, p = -5*o - 0*o + 35. Suppose o*z = 18*z. Suppose z = 24*q - 19*q - 640. What is the hundreds digit of q?
1
Suppose -240*w + 29791 = 2*s - 245*w, 0 = s + 3*w - 14868. What is the thousands digit of s?
4
Suppose -3*l - 100811 = -4*y + 163777, l + 264588 = 4*y. What is the thousands digit of y?
6
Suppose -5*s = 2*b - 3199, -949 = -2*s + b + 336. What is the hundreds digit of s?
6
What is the thousands digit of 2 - (10/(40/12) - 1835)?
1
What is the thousands digit of (-1 + -1)*(-6 - (-23)/4)*9326?
4
Let k(z) = 3*z - 51. Suppose 9*b - 289 = -8*b. Let t be k(b). Suppose -4*l - 2*v + 756 = t, -2*v - 103 - 81 = -l. What is the units digit of l?
8
Let o = -6447 + 8645. What is the thousands digit of o?
2
Let g(o) = o + 10. Let k be 29 - (-3 + -1 + 1)*1. Let w = 37 - k. What is the tens digit of g(w)?
1
Let m = -36 + 41. Suppose m*g - 5*s = 2*g + 805, -g - 5*s + 235 = 0. Suppose -3*l + 220 = -g. What is the hundreds digit of l?
1
Suppose -560 = -3*h + 5*t, -3*h + 34*t - 37*t + 600 = 0. Suppose 2*z - 8 = -0. Suppose h = z*n + n. What is the tens digit of n?
3
Let a(h) = 5*h + 13. Let y be a(-4). Let l be 394*3 - (5 + y). Suppose -l = -12*r + 1960. What is the units digit of r?
2
Suppose 3*d - 17 = -k, 0 = 3*k + 2*d - 21 - 2. Suppose k*q + 605 = 1790. Suppose 3*n + 3*v = 240, 3*n = -v - v + q. What is the tens digit of n?
7
Let r(u) = u**2 + 22*u - 34. Let d be r(-24). What is the hundreds digit of ((-3)/(-4))/(d/9688)?
5
Let f be 6*(5 - 98/21). Suppose -u - 2*z - 10 = -40, 100 = 4*u - f*z. What is the tens digit of u?
2
Let k(u) = 13*u + 701. What is the hundreds digit of k(57)?
4
What is the tens digit of (-2)/13 + (21034860/143)/6?
1
Let t(l) = l + 3. Let s(d) = -102*d + 100. Let j(a) = s(a) - 2*t(a). What is the tens digit of j(-6)?
1
Let n(t) = 16*t + 134. Suppose 11*k - 33*k = -484. What is the hundreds digit of n(k)?
4
Let c = -1631 - -2754. Let w = -606 + c. What is the tens digit of w?
1
Suppose -3659*d = -3819*d + 3800640. What is the hundreds digit of d?
7
Let h = 323 - 318. Suppose 2*j - 5*w - 2785 = -j, -5*w + 4575 = h*j. What is the units digit of j?
0
Let b be 4*(-1)/(0 - 2). Let q(f) = -2*f**3 + 38*f**2 + 2. Let a be q(19). Suppose b*o - 41 = 5*u, -2 = -0*u - a*u. What is the units digit of o?
3
Let f(b) be the second derivative of 7*b**5/120 + b**4/8 - 2*b**3/3 - 11*b. Let c(x) be the second derivative of f(x). What is the tens digit of c(3)?
2
What is the thousands digit of 8/28 + 0 + (-517855)/(-91)?
5
Let q(o) = 14*o**2 - 11*o + 13. Suppose 36 = 2*s - 5*r, -4*s + 32*r = 34*r - 24. What is the tens digit of q(s)?
2
Let y = -371 + 377. Suppose y*n - 1874 - 370 = 0. What is the hundreds digit of n?
3
Suppose -2 = -4*l + 14. Let g(d) = -5 - 26*d + l + 1 + 4. What is the tens digit of g(-3)?
8
Let n(b) = -2*b**2 - b - 10. Let m(u) = -u**2 - u - 11. Let z(y) = 5*m(y) - 6*n(y). Let w(a) be the first derivative of z(a). What is the units digit of w(2)?
9
What is the hundreds digit of (1838/24 + 84/112)/(4/198)?
8
What is the hundreds digit of (8181 - 0) + (-23)/((-1265)/(-66))*5?
1
Let w be (-1)/((-10)/(-6) - 4/2). Suppose -2*b - w*c = b - 12, -5*b - 2*c + 20 = 0. What is the te